 = k + -55. Give w(d).
-8
Suppose -160 = 55*h + 170. Let t(m) = -m**3 - 6*m**2 + 2*m + 14. Calculate t(h).
2
Let z = -123 - -126. Suppose p - w = -0*w, 0 = -z*p + 2*w + 4. Let k(h) = -h + 6*h - h**2 + h - p*h. Give k(3).
-3
Let l(s) = s**3 + 2*s**2 - 2*s. Let x be l(-2). Let a(r) = 4 + x*r - 3 + 2 - 3*r. Let u(z) = 2*z**2 + 14*z - 4. Let g be u(-7). Determine a(g).
-1
Let t(f) = f**3 - f**2 - 2*f - 3. Suppose -5*u = -4*a - 16, -2*a = -0*a - 2. Suppose 9 + 7 = u*q. Suppose -1 - 7 = q*p. Determine t(p).
-11
Let c(j) = -51*j + 554. Let d be c(11). Let l(z) = -z**3 - 6*z**2 + 5*z - 21. Calculate l(d).
-7
Let o(i) = -3*i**3 + 22*i**2 + i - 65. Let r(f) = f**3 - 7*f**2 - f + 22. Let y(l) = -3*o(l) - 8*r(l). Give y(9).
-17
Let q = 217 - 169. Let j be 2*28 + 0 - 1. Let i = j - q. Let p(g) = -g**3 + 6*g**2 + 7*g + 3. Give p(i).
3
Suppose 3*u - 2*g = 6, 4*u + g = -4*g + 8. Suppose 2*x = -u*o - 0*x + 16, -47 = -4*o - x. Let f(s) = 7*s**2 - 4*s**2 - 4*s**2 + 13*s - 4. Give f(o).
-4
Let i(v) = 107*v + 3000. Let p be i(-28). Let z(r) = -7*r + 20. Give z(p).
-8
Let d(u) = 23*u**3 + 4*u**2 - 43*u - 25*u + 1 - 51*u + 122*u. What is d(-1)?
-21
Let p(k) = 11*k - 29. Let n(g) = 2*g**3 + 40*g**2 + 65*g - 120. Let l be n(-18). Calculate p(l).
37
Suppose -2*b - 56 = 2*b. Let n(g) be the first derivative of g**3/3 + 8*g**2 + 26*g + 33267. What is n(b)?
-2
Let y(j) = -2*j**2 - 12*j + 35*j - 20*j + 4 + j**2. Determine y(-2).
-6
Let t(a) = -522*a**3 - 66*a**2 - 81*a + 105. Let i(s) = -95*s**3 - 13*s**2 - 16*s + 21. Let b(j) = -11*i(j) + 2*t(j). Calculate b(-9).
15
Let s(v) = 15*v**3 + 5*v**2 + 11*v + 9. Let u(w) = 26*w**3 + 11*w**2 + 21*w + 17. Let q(r) = 7*s(r) - 4*u(r). Calculate q(9).
-68
Suppose -521*c + 549*c = 84. Let z(d) be the third derivative of -1/2*d**c + 0*d**4 - 1/12*d**5 + 0*d + 11*d**2 - 1/120*d**6 + 0. Determine z(-5).
-3
Let u(r) = 2*r - 2. Suppose -1151 + 346 = 5*b. Let f be 138/b + 68/14. What is u(f)?
6
Let s = 150 - 72. Let b = 78 - s. Let l(p) = 6 + b*p + p + 4*p - 3*p. Calculate l(-4).
-2
Let o(d) be the second derivative of d**7/420 - d**6/360 - 43*d**4/6 + 11*d. Let q(v) be the third derivative of o(v). What is q(2)?
20
Let d(u) = -u**3 + 4*u**2 - 6*u - 3. Let i be (-3)/(-4 - (-6)/2). Determine d(i).
-12
Let u = -7674 - -7660. Let b(f) = f**3 + 14*f**2 + 3*f + 9. What is b(u)?
-33
Let v(f) be the third derivative of f**5/30 - 11*f**4/24 + f**3/2 + 108*f**2 - 4. Determine v(5).
-2
Suppose 17 = -24*i + 29*i - o, 3*o = 9. Let d be (-156)/24 + i/(-8). Let l(c) = -c**2 - 7*c - 10. Determine l(d).
-10
Let q = -1335 + 1333. Let o(l) = -10*l - 20. Calculate o(q).
0
Let y(r) = -188*r - 893. Let j(c) = 20*c + 89. Let p(t) = 58*j(t) + 6*y(t). What is p(6)?
-4
Let o(c) = 9*c - 3. Let u(d) = -d**3 - 6*d**2 - 4*d - 21. Let v = 65 + -71. Let z be u(v). Give o(z).
24
Let n be (4/(-12))/(10/240). Let b(g) = g**3 + 9*g**2 + 6*g - 2. Calculate b(n).
14
Let z = 3 - 2. Let g(k) = -7*k + 357 - 357. Let c be g(z). Let n(l) = -l - 3. Determine n(c).
4
Let g(o) be the second derivative of -o**4/12 + 14*o**3/3 - 24*o**2 + 2*o + 944. Give g(26).
4
Let c(p) be the first derivative of p**5/120 - 3*p**4/8 - 193*p**3/3 - 2*p - 65. Let l(m) be the third derivative of c(m). What is l(7)?
-2
Let r(x) = -95*x - 125. Let t(y) = 7*y + 9. Let w(q) = 4*r(q) + 55*t(q). Determine w(4).
15
Let v(t) = -5543*t**2 - t**3 + 11089*t**2 - 5547*t**2 - 5*t - 13. What is v(-3)?
20
Let j(n) = 37*n**2 - 10*n - 11. Let d be 819/(-702) - (77/42 - (3 + -1)). Give j(d).
36
Let m(u) be the third derivative of u**5/60 + 73*u**4/24 - 649*u**3/6 - 4*u**2 - 30*u. Determine m(8).
-1
Let f(y) = -y**2 - 9*y - 3. Suppose 29 = -9*c + 92. Suppose 1 + c = -w. Determine f(w).
5
Let m(y) = -y**2 + 438 + y - 205 - 230. Suppose 3*g + 0*g = -4*o - 23, 0 = 5*o - 3*g - 5. Let k = o + -1. What is m(k)?
-9
Let a(t) = t**3 + 30*t**2 - 34*t - 71. Let s be a(-31). Let l(k) = 2*k**2 + 12*k - 16 + 11*k - s*k + 12. What is l(0)?
-4
Let x(w) = w**2 + 8*w + 4. Let a(l) = -l**2 - 8*l - 8. Suppose 13*h = 7*h. Let c be a(h). Determine x(c).
4
Let r(y) = 6 + 160*y**2 + y**3 - 9*y + 0*y**3 - 162*y**2. Let c be r(4). Let k(i) = -7*i**2 + 0 + 9*i**2 - 2*i + c + 0*i. Calculate k(2).
6
Let k(q) = -83*q**2 - 55. Let b(t) = -152*t**2 - 109. Let u(z) = 6*b(z) - 11*k(z). Calculate u(0).
-49
Suppose -3 = -r + g, -r = -3*g - 2*g - 15. Let z(m) = m**2 - m + r*m - m. Suppose 0 = -175*k + 197 - 22. Calculate z(k).
-1
Let w(u) be the third derivative of u**4/4 + 7*u**3/6 - 1207*u**2. Calculate w(7).
49
Let q = 58 - 50. Let l(k) = k - 21 + 39 - q. Determine l(-8).
2
Suppose -4*g - 5*p - 8 = 0, -10*p + 6 = -2*g - 12*p. Let c(t) = -3*t**2 + 8*t + 2*t - 3 - 3*t + 4*t**2. Determine c(g).
-3
Let g(p) = -p**3 - 3*p**2 + p + 12. Suppose -m - 2*b = 210 - 206, -b - 2 = 4*m. Calculate g(m).
12
Suppose -84*x - 165 = -95*x. Let h be -6*3/x*15/2. Let j(o) = 2*o + 8. What is j(h)?
-10
Let b(l) be the second derivative of l**4/12 + 11*l**3/3 + 61*l**2/2 - 3646*l - 2. Determine b(-21).
40
Let r(b) = b - 4. Let m = 60 + -57. Suppose -m = 5*w - 78. Suppose -5 + w = 2*g. What is r(g)?
1
Let q(n) = 4*n**2 - 6*n - 12 + 6 - 15*n**2 + 9*n**2. What is q(-6)?
-42
Let x(j) be the second derivative of -3*j**3/2 + 3*j**2 - 2309*j. Give x(4).
-30
Let b(q) = 135*q + 139. Let z be b(-1). Let w(j) = 6*j - 13. Determine w(z).
11
Let h(q) = -3. Let n(b) = -b + 13. Let i(u) = -22*h(u) - 6*n(u). Suppose 91 = 43*y - 124. What is i(y)?
18
Suppose 0 = 33*j + 6 - 138. Suppose j*u = u - 42. Let w(r) = -r**2 - 13*r + 10. Determine w(u).
-4
Let d be 9/(-3) - (-1 - -3). Let h(s) = -3*s - 7. Let l(w) = 2*w - 1509 + 746 + 764. Let x(t) = d*l(t) - h(t). Calculate x(3).
-19
Let y = -279 - -281. Let z(b) = 4*b**y - 2*b**2 + 5*b + 4124 - 4118. Give z(-4).
18
Let v be (20/(-6) - -2) + 1388/6. Let q(j) = v - 4*j**2 + 5*j**2 - 226 + j. Give q(-6).
34
Let m(k) = -119 + 3*k - 39 + 83. Determine m(23).
-6
Let m = -5180 - -5139. Let h(l) = -l**3 - 41*l**2 - 1. Calculate h(m).
-1
Let v(i) be the third derivative of -i**5/30 - i**4/8 + 11*i**3/6 + 5*i**2 + 39. Give v(-3).
2
Let w(b) = b**3 - 25*b**2 + 122*b + 363. Let y be w(16). Let k(d) = d**2 - 2*d - 90. Give k(y).
9
Suppose -75 = -s + 5*h, 15*h - 297 = -3*s + 12*h. Let p(y) = -46*y - 8 - 50*y + s*y. Give p(9).
-17
Let z(j) = -j + 7. Suppose -17*g + 20*g - 3 = 0. Let l be (-78)/3 + (g + 0)*1. Let m be ((-10)/l)/((-1)/(-20)). Calculate z(m).
-1
Let p(z) = z - 2. Let a be 2/(24/18)*-2. Let k be (9/a)/(3/(-3)). What is p(k)?
1
Let t(d) = 422*d**2 + 7*d - 423*d**2 - 1 - 8. Let c be t(3). Let f(x) = -2*x**3 + 6 - c*x**3 + 6*x**2 - 11 + 4*x**3 + x. Calculate f(6).
1
Let t = -7742 + 7739. Let b(w) = -w**2 + 6*w + 10. Let h be b(7). Let m(a) = a**h + 2*a + 4*a**2 + 3 - 3. Determine m(t).
3
Let j(i) = 7*i - 2. Suppose -4*w + 31 = -m - 302, 3*w + m = 248. Let t = w - 85. Determine j(t).
-16
Let l(i) = i**3 + 5*i**2 - 9*i - 1. Suppose -4*z + 4 = 3*n, -z - 36 = -5*z + 5*n. Suppose 36*r = 40*r - z. Suppose -10 = v - t, 4*t - 15 = r. Give l(v).
17
Let i(o) = o**3 - 8*o**2 - 2*o - 10. Let r be 7*6/84*32/2. Determine i(r).
-26
Let f(y) = -61*y - 7. Let n(g) = -37*g + 8*g + 0 - 6 + 0 + 3. Let s(r) = -2*f(r) + 5*n(r). Give s(1).
-24
Suppose 3*x - 6 = 15. Let a(r) be the first derivative of r**2 + 142 + 0*r**2 - 3*r + r - 5*r. Determine a(x).
7
Suppose 26*j - 33222 = -33378. Let b(r) be the second derivative of -1/3*r**3 - 5/2*r**2 + 0 - 2*r. Calculate b(j).
7
Let y(o) = 3*o + 10. Suppose 3*b = -5*b + 6*b. Suppose i - 1 = -3*r + 6*i, i + 5 = b. Give y(r).
-14
Let q = 483 - 213. Suppose 5*o - 3*a + 8*a = q, 0 = -4*o + 3*a + 209. Let h = o - 50. Let y(u) = -u**2 + 3*u - 1. What is y(h)?
-1
Let y(h) = -11*h**2 - 111*h + 28. Let s(f) = -17*f**2 - 167*f + 45. Let b(u) = -5*s(u) + 8*y(u). Give b(-17).
33
Let n be (-1 - (-2 + -1)) + (78 - 76). Let l(j) = n*j + 6 - 9*j - j + 5*j. Give l(10).
-4
Let x = 365 + -60. Let m be ((-488)/x)/(2/5). Let s(j) = -j - 1. Determine s(m).
3
Let g(b) be the second derivative of -b**5/20 + 7*b**4/6 + 8*b**3/3 - 536*b. Determine g(15).
15
Suppose 2*u + 5*o + 0 = 47, 4*u + 5*o = 49. Let i(p) = 15*p - 2. Let n(r) = -r + 1. Let h(m) = -i(m) - 3*n(m). Calculate h(u).
-13
Let g = 20 - -474. Let p = g - 503. Let o(h) = -h**2 - 8*h + 1. Determine o(